 - 11*s**2 + 9*s + 3. Let f be y(7). Let n = f - 86. Is n composite?
False
Suppose 5*t - 13 = 4*d + 5, d = -t. Let g(y) = y**3 - 4*y**2 + 2*y + 1. Let r be g(t). Let u(i) = i**3 + 6*i**2 - 2*i + 4. Is u(r) a composite number?
False
Let f(c) = 149*c - 4. Let b be f(-6). Let z = 1605 + b. Is z a composite number?
True
Suppose -2*s + 1113 = -2*x - 673, -x = -3*s + 2671. Is s composite?
True
Let a = -5 + 7. Suppose a*x - 6*o + 2*o = 86, 3*o = -5*x + 241. Is x prime?
True
Suppose 3010 = 2*j - 672. Is j prime?
False
Let o(h) = h**2 + 6*h + 2. Let t be o(-6). Suppose 0*i - 9 = i + 5*w, 0 = 4*w + 4. Is 10/6*(t - i) composite?
True
Let a = 2 - 2. Suppose a*v - v = -5. Is (-6 + -4)*v/(-2) prime?
False
Suppose -27 = -5*d + r + 2*r, 2*r = 2. Is (4445/(-10))/((-3)/d) composite?
True
Let z be 23/5 + (-3)/5. Suppose -3*s + 125 = z*h, -20 = -h - 3*h. Is s prime?
False
Suppose 3*j + 22 = 2*b, b = -4*b + 2*j + 33. Let c(h) = b*h + 5*h**2 - 7*h + 3 + 2*h**3 - 3*h. Is c(4) a composite number?
False
Suppose 4*f = w - 24, -3*f = -3*w - 4*f + 7. Let z = 15 - w. Is z a composite number?
False
Suppose 8*d - 11*d = -1281. Is d composite?
True
Let u = -70 + 125. Suppose n + 4*n = u. Let x = 22 - n. Is x prime?
True
Let n be ((-60)/(-9))/((-2)/42). Let k = n + 219. Is k composite?
False
Suppose 4*i = -i + 635. Is i prime?
True
Suppose -65 = 5*h + 6*z - z, 0 = z + 2. Let j(a) = -23*a + 10. Is j(h) prime?
True
Suppose 11 + 1 = 4*w. Suppose 0 = -u + w*k + 31, -96 = -0*u - 4*u + 5*k. Is u a prime number?
True
Suppose 4*z - 4*m = 0, 0*z + 5*m + 3 = 4*z. Let s = 10 - z. Suppose -3*o + s = 4*a, -2*a + 4*o = -0*a - 34. Is a a composite number?
False
Suppose -6*x + 11*x = 1160. Suppose -3*g + x = -t, 3*g - 148 = g + 2*t. Is g prime?
True
Suppose -4*a - 2*g + 7*g + 2 = 0, -4 = -2*g. Suppose a*b - 5022 = -5*o, o - b = -4*b + 1002. Is o/27 + 6/(-27) a composite number?
False
Is -2*1/2 - -54 a prime number?
True
Suppose -2*b + 100 = 2*b. Suppose 3*f = -b - 20. Let i = f - -92. Is i a composite number?
True
Let g(l) = 19*l**2 + 6*l - 11. Is g(3) prime?
False
Let b(o) = 3*o - 2. Let l = 11 - -3. Suppose 2 = -4*s + l. Is b(s) a prime number?
True
Let l(w) = 4*w**2 - w - 1. Let t be l(-1). Is t/6 + (-2456)/(-24) a composite number?
False
Suppose 4*q + 5*y - 158 = 3*y, -4*y + 57 = q. Is q prime?
True
Let b(a) = -810*a + 17. Is b(-2) a prime number?
True
Suppose 3*q + 0*q = -12. Let c be q/12 - (-2)/6. Suppose c*j - 335 = -5*j + 2*s, 4*s - 335 = -5*j. Is j prime?
True
Let p(a) be the third derivative of a**5/60 - a**4/4 + 7*a**3/6 - 7*a**2. Suppose -4 + 49 = 5*b. Is p(b) prime?
False
Let v(r) = -r + 3. Let o be v(2). Is o*(-1 - -2) + 1212 prime?
True
Let l(v) = v + 4. Let u = 0 + 0. Let j be l(u). Suppose -j*h = -3*z + 30, -2*z - h + 20 = -2*h. Is z a composite number?
True
Let y(a) be the second derivative of -9*a**3/2 - 5*a**2 - 3*a. Is y(-9) composite?
False
Suppose -t = -5*n + 23, 0 = -t - 3*t - 12. Is (1*-10)/(n/(-94)) prime?
False
Suppose 6 = -3*n, 0*g + 2*n - 79 = -g. Is g a composite number?
False
Let v be (-2)/(((-6)/2)/(-3)). Let j be (v + -13)/((-3)/(-4)). Is 6/8 + (-45)/j a prime number?
True
Suppose -835 = -4*i + 3*u, -2 = 5*u - 17. Is i composite?
False
Suppose 0 = -5*m - 233 - 377. Let q = 175 + m. Is q composite?
False
Let h be 1/((-2)/(-1057 - 3)). Let o = 2 - 0. Suppose -4*v = -o*v - h. Is v a composite number?
True
Suppose 0*x + 5*x + 4*k - 1337 = 0, -x + 4*k + 277 = 0. Is x a prime number?
True
Suppose -q + 1 = v, -3*q = -10 - 5. Is (-4)/16 - 1157/v prime?
False
Suppose 4*m - 407 = -111. Is m a prime number?
False
Let f(l) = 15*l**2 + l. Let a be f(1). Suppose 5*d - 4*d + 137 = 3*v, -a = -4*d. Is v prime?
True
Suppose 1973 = 4*c + 461. Suppose -b + c = 3*m, 5*m = 4*b + 375 + 272. Is m composite?
False
Let t = 215 - 126. Is t a prime number?
True
Suppose -2*q = -3*q + 223. Suppose -3*v - g = -669, -v - g - 3*g = -q. Is v a prime number?
True
Let z(k) = -29*k + 56. Is z(-7) composite?
True
Suppose 1341 = -3*t + 8622. Is t a prime number?
False
Suppose 0 = 3*v - 2*v - 148. Let t = v + -63. Is t a composite number?
True
Let f be 1/1 - 480/(-5). Suppose 0 = -2*c + m + 66, -3*c + 2*m + f = -0*m. Is c a composite number?
True
Let a(k) = -k**2 - 6*k - 6. Let o be a(-4). Suppose -4*v - 293 = -o*v + 3*g, 445 = -3*v + g. Let w = -102 - v. Is w a composite number?
True
Suppose -5*z - 41 - 44 = 0. Suppose 0 = 2*h + 2, -159 = 5*x - 0*x - h. Let o = z - x. Is o composite?
True
Let r = -341 + 592. Is r a prime number?
True
Suppose -5*k + 2*n + 1337 = 0, 3*k - 5*n - 25 - 762 = 0. Is k a prime number?
True
Let z be (1 + (-15)/(-1))/(-1). Is (-6)/(-8) - 1316/z a composite number?
False
Let o = 50 - -34. Suppose 0 = 6*x - 2*x - o. Is x a prime number?
False
Let y be (-1)/(-4) + 10126/8. Suppose -2*h = 2*h - 5*a - y, 0 = 2*h + 5*a - 648. Is h a prime number?
False
Let d = 100 - 21. Is d prime?
True
Let a be (-6)/15 + (-584)/(-10). Suppose 366 = 4*w - a. Let f = 27 + w. Is f prime?
False
Let n(a) = -5*a**2 + 2. Let w be n(2). Is (1*94)/(w/(-9)) a prime number?
True
Suppose -4*y + 4 = -12. Suppose -3*w + y*w = 2. Is w/(-4)*-67*2 composite?
False
Let z = -6 - 13. Is z/(3/(-63)*3) composite?
True
Let t(j) = 87*j**2 - 9*j - 7. Is t(-3) prime?
False
Let a(n) = 5*n**3 - 8*n**2 - 7*n + 8. Let r be a(8). Suppose -5*t - h + 1485 = -1008, 4*t = 2*h + r. Is t a composite number?
False
Let o be (-24)/1*4/8. Is 4/o*-1*201 a prime number?
True
Suppose -2*u - 2*u + 492 = 0. Let q = u - 46. Is q prime?
False
Suppose 4*t = 5152 - 1668. Is t a prime number?
False
Suppose 4*j - 1924 = -432. Is j a composite number?
False
Suppose -b + 7285 = 2*v, -3638 = 3*v - 4*v + b. Is v prime?
False
Let g = -7 - -11. Suppose -5*h - f - f - 291 = 0, g*f = -5*h - 297. Is (-1 - (-4)/(-6))*h a composite number?
True
Suppose 0 = -l + 3*l - 6. Suppose 21 + 21 = l*f. Is f prime?
False
Suppose -2*m + 4*v = -5*m + 408, -548 = -4*m - 4*v. Let d = -63 + m. Let t = 36 + d. Is t composite?
False
Suppose 4*h + 398 = 6*h. Is h a prime number?
True
Let z be (-1)/2*(1 + 1). Is -2 + z + 2 + 120 prime?
False
Let t = -611 + 1762. Is t a composite number?
False
Let c(b) = 2*b**3 + 2*b**2 - 2. Let a = -8 - -10. Is c(a) a composite number?
True
Let h(s) = -3*s**2 - s + 6. Let l be h(5). Let z = 7 - l. Let u = 266 - z. Is u prime?
False
Let i = 224 - 81. Is i a composite number?
True
Let f be 0 - (0/1)/2. Suppose -8*q + 12*q - 172 = f. Is q a composite number?
False
Let y = 1096 + 9873. Is y composite?
True
Suppose -4*j - 5 = -17. Let f = 40 - j. Is f prime?
True
Let c(o) = 7*o**2 - 17 - 12*o**2 + o**3 - 8*o**2 + 15*o. Let b = 20 + -8. Is c(b) composite?
False
Is 293/(-2 - (2 - 5)) composite?
False
Is (-4 + 1784 + -2)/2 composite?
True
Let q(c) = -c**3 + 4*c**2 - 2*c + 1. Let z be q(-4). Let l = z - 66. Is l prime?
True
Let m be (-1 - 9/(-6))*0. Suppose -6 = -5*k + 2*c, 3*k - 4*k + 4*c + 12 = 0. Is m + (110 - (-1 - k)) a prime number?
False
Let f(i) = 297*i**3 + i**2 - 1. Let o be f(1). Suppose 5*q - o = 48. Is q prime?
False
Is -3 + ((-6612)/(-10))/(9/60) composite?
True
Let z = 22 - 12. Is z composite?
True
Let s = -11 - -15. Suppose -s*c = -5*c + 184. Suppose 5*g + 9 = c. Is g a prime number?
False
Let r be -1*(-491 - 2) - 1. Let n = r + -291. Is n prime?
False
Is 12/(-18)*1137/(-2) a composite number?
False
Let f(x) = 2*x**2 + 5*x + 2. Let l be f(-3). Suppose l*g + 14 = 2*c - 6, -g + 2*c = -4. Let z = 16 - g. Is z prime?
False
Let k = -141 - -836. Is k composite?
True
Suppose h + 3*m - 5*m = 447, -5*h + 3*m + 2235 = 0. Is h a prime number?
False
Suppose 2*m + 5825 = 3*g, 0 = g - 2*g + 2*m + 1947. Is g composite?
True
Let o(i) = -1 + 5 - 2 - 17*i. Is o(-3) a composite number?
False
Let m(v) = -6*v + 1. Let b(i) = i + 8. Let z be b(-5). Let l = z - 9. Is m(l) a prime number?
True
Let x = -4 + 8. Suppose -2*d + 162 + 98 = 2*b, -242 = -2*b + x*d. Is b a composite number?
False
Suppose -6*a - 9*a = -28335. Is a composite?
False
Let u(q) be the second derivative of q**5/4 - q**4/6 - q**3/3 - q**2 - 4*q. Is u(3) a prime number?
True
Suppose -4*c + 364 = -0*i - 2*i, 0 = -2*i. Is c composite?
True
Suppose 4369 = 2*s - 2469. Is s a prime number?
False
Let v = 10 + -8. Suppose 2*y + y = 4*b + 329, -3*y - 2*b = -317. Suppose 2*r - y = -v*x + x, 3*r -